{"id":28,"date":"2023-04-18T15:32:00","date_gmt":"2023-04-18T15:32:00","guid":{"rendered":"https:\/\/hib.cl\/Inicio\/?page_id=28"},"modified":"2023-04-19T15:50:13","modified_gmt":"2023-04-19T15:50:13","slug":"nosotros","status":"publish","type":"page","link":"https:\/\/hib.cl\/Inicio\/nosotros\/","title":{"rendered":"Nosotros"},"content":{"rendered":"\n<p>&nbsp;<strong>\u00bfQui\u00e9nes somos?<\/strong><\/p>\n\n\n\n<p>HIB V\u00e1lvulas y Controles C\u00eda SPA., nace el d\u00eda 9 de noviembre de 2007, despu\u00e9s de que el socio principal, se desempe\u00f1ara durante 11 a\u00f1os en una empresa americana, que se dedicaba al rubro de V\u00e1lvulas y Controles y Protecci\u00f3n contra Incendios.<\/p>\n\n\n\n<p>Nuestro alcance abarca desde la selecci\u00f3n del equipo, su suministro, instalaci\u00f3n y puesta en operaci\u00f3n en forma satisfactoria, para lo cual nos respalda toda nuestra experiencia adquirida a trav\u00e9s de los a\u00f1os.<\/p>\n\n\n\n<p>Gestionando directamente con el cliente el proceso normal de ventas a las grandes empresas mineras de nuestro pa\u00eds, entre las cuales se destacan: Corporaci\u00f3n Nacional del Cobre de Chile (Codelco) en todas sus divisiones, Compa\u00f1\u00eda Contractual Minera Candelaria, Compa\u00f1\u00eda Minera Do\u00f1a In\u00e9s de Collahuasi, Sociedad Contractual Minera El Abra, Compa\u00f1\u00eda Minera Maricunga, Minera Los Pelambres, etc.<\/p>\n\n\n\n<p><strong>Misi\u00f3n:<\/strong><\/p>\n\n\n\n<p>Somos una empresa proveedora de Servicios de Ingenier\u00eda, Equipos de Instrumentaci\u00f3n y Control de Procesos Industriales, y Sistemas Contra Incendio (Equipos para Detecci\u00f3n y Extinci\u00f3n de Incendios) a diferentes industrias del pa\u00eds, asistiendo las necesidades de nuestros clientes con altos est\u00e1ndares de calidad.<\/p>\n\n\n\n<p><strong>Visi\u00f3n:<\/strong><\/p>\n\n\n\n<p>Para HIB V\u00e1lvulas y Controles C\u00eda. SPA, es alcanzar estar entre las mejores empresas proveedoras de Servicios de Ingenier\u00eda y de Control de Fluidos de nuestro pa\u00eds. Esperamos ser reconocidos por nuestra capacidad de gesti\u00f3n y eficiencia y el respeto al medioambiente, proyectando nuestra experiencia en la innovaci\u00f3n de los productos y servicios que ofrecemos.<\/p>\n","protected":false},"excerpt":{"rendered":"<p>&nbsp;\u00bfQui\u00e9nes somos? HIB V\u00e1lvulas y Controles C\u00eda SPA., nace el d\u00eda 9 de noviembre de 2007, despu\u00e9s de que el socio principal, se desempe\u00f1ara durante 11 a\u00f1os en una empresa americana, que se dedicaba al rubro de V\u00e1lvulas y Controles y Protecci\u00f3n contra Incendios. Nuestro alcance abarca desde la selecci\u00f3n del equipo, su suministro, instalaci\u00f3n [&hellip;]<\/p>\n","protected":false},"author":1,"featured_media":0,"parent":0,"menu_order":0,"comment_status":"closed","ping_status":"closed","template":"","meta":{"footnotes":""},"class_list":["post-28","page","type-page","status-publish","hentry"],"yoast_head":"<!-- This site is optimized with the Yoast SEO plugin v23.4 - https:\/\/yoast.com\/wordpress\/plugins\/seo\/ -->\n<title>Nosotros - HIB<\/title>\n<meta name=\"robots\" content=\"index, follow, max-snippet:-1, max-image-preview:large, max-video-preview:-1\" \/>\n<link rel=\"canonical\" href=\"https:\/\/hib.cl\/Inicio\/nosotros\/\" \/>\n<meta property=\"og:locale\" content=\"es_ES\" \/>\n<meta property=\"og:type\" content=\"article\" \/>\n<meta property=\"og:title\" content=\"Nosotros - HIB\" \/>\n<meta property=\"og:description\" content=\"&nbsp;\u00bfQui\u00e9nes somos? HIB V\u00e1lvulas y Controles C\u00eda SPA., nace el d\u00eda 9 de noviembre de 2007, despu\u00e9s de que el socio principal, se desempe\u00f1ara durante 11 a\u00f1os en una empresa americana, que se dedicaba al rubro de V\u00e1lvulas y Controles y Protecci\u00f3n contra Incendios. Nuestro alcance abarca desde la selecci\u00f3n del equipo, su suministro, instalaci\u00f3n [&hellip;]\" \/>\n<meta property=\"og:url\" content=\"https:\/\/hib.cl\/Inicio\/nosotros\/\" \/>\n<meta property=\"og:site_name\" content=\"HIB\" \/>\n<meta property=\"article:modified_time\" content=\"2023-04-19T15:50:13+00:00\" \/>\n<meta name=\"twitter:card\" content=\"summary_large_image\" \/>\n<meta name=\"twitter:label1\" content=\"Tiempo de lectura\" \/>\n\t<meta name=\"twitter:data1\" content=\"1 minuto\" \/>\n<script type=\"application\/ld+json\" class=\"yoast-schema-graph\">{\"@context\":\"https:\/\/schema.org\",\"@graph\":[{\"@type\":\"WebPage\",\"@id\":\"https:\/\/hib.cl\/Inicio\/nosotros\/\",\"url\":\"https:\/\/hib.cl\/Inicio\/nosotros\/\",\"name\":\"Nosotros - HIB\",\"isPartOf\":{\"@id\":\"https:\/\/hib.cl\/Inicio\/#website\"},\"datePublished\":\"2023-04-18T15:32:00+00:00\",\"dateModified\":\"2023-04-19T15:50:13+00:00\",\"breadcrumb\":{\"@id\":\"https:\/\/hib.cl\/Inicio\/nosotros\/#breadcrumb\"},\"inLanguage\":\"es\",\"potentialAction\":[{\"@type\":\"ReadAction\",\"target\":[\"https:\/\/hib.cl\/Inicio\/nosotros\/\"]}]},{\"@type\":\"BreadcrumbList\",\"@id\":\"https:\/\/hib.cl\/Inicio\/nosotros\/#breadcrumb\",\"itemListElement\":[{\"@type\":\"ListItem\",\"position\":1,\"name\":\"Portada\",\"item\":\"https:\/\/hib.cl\/Inicio\/\"},{\"@type\":\"ListItem\",\"position\":2,\"name\":\"Nosotros\"}]},{\"@type\":\"WebSite\",\"@id\":\"https:\/\/hib.cl\/Inicio\/#website\",\"url\":\"https:\/\/hib.cl\/Inicio\/\",\"name\":\"H.I.B. V\u00e1lvulas y Controles C\u00eda. SpA\",\"description\":\"Ingenieria - Montajes y Servicios Generales\",\"publisher\":{\"@id\":\"https:\/\/hib.cl\/Inicio\/#\/schema\/person\/c78029f613d473dcc58bbb5b55598dd4\"},\"potentialAction\":[{\"@type\":\"SearchAction\",\"target\":{\"@type\":\"EntryPoint\",\"urlTemplate\":\"https:\/\/hib.cl\/Inicio\/?s={search_term_string}\"},\"query-input\":{\"@type\":\"PropertyValueSpecification\",\"valueRequired\":true,\"valueName\":\"search_term_string\"}}],\"inLanguage\":\"es\"},{\"@type\":[\"Person\",\"Organization\"],\"@id\":\"https:\/\/hib.cl\/Inicio\/#\/schema\/person\/c78029f613d473dcc58bbb5b55598dd4\",\"name\":\"hibcl2\",\"image\":{\"@type\":\"ImageObject\",\"inLanguage\":\"es\",\"@id\":\"https:\/\/hib.cl\/Inicio\/#\/schema\/person\/image\/\",\"url\":\"https:\/\/hib.cl\/Inicio\/wp-content\/uploads\/2023\/04\/log3.png\",\"contentUrl\":\"https:\/\/hib.cl\/Inicio\/wp-content\/uploads\/2023\/04\/log3.png\",\"width\":400,\"height\":230,\"caption\":\"hibcl2\"},\"logo\":{\"@id\":\"https:\/\/hib.cl\/Inicio\/#\/schema\/person\/image\/\"},\"sameAs\":[\"https:\/\/hib.cl\/Inicio\"]}]}<\/script>\n<!-- \/ Yoast SEO plugin. -->","yoast_head_json":{"title":"Nosotros - HIB","robots":{"index":"index","follow":"follow","max-snippet":"max-snippet:-1","max-image-preview":"max-image-preview:large","max-video-preview":"max-video-preview:-1"},"canonical":"https:\/\/hib.cl\/Inicio\/nosotros\/","og_locale":"es_ES","og_type":"article","og_title":"Nosotros - HIB","og_description":"&nbsp;\u00bfQui\u00e9nes somos? HIB V\u00e1lvulas y Controles C\u00eda SPA., nace el d\u00eda 9 de noviembre de 2007, despu\u00e9s de que el socio principal, se desempe\u00f1ara durante 11 a\u00f1os en una empresa americana, que se dedicaba al rubro de V\u00e1lvulas y Controles y Protecci\u00f3n contra Incendios. Nuestro alcance abarca desde la selecci\u00f3n del equipo, su suministro, instalaci\u00f3n [&hellip;]","og_url":"https:\/\/hib.cl\/Inicio\/nosotros\/","og_site_name":"HIB","article_modified_time":"2023-04-19T15:50:13+00:00","twitter_card":"summary_large_image","twitter_misc":{"Tiempo de lectura":"1 minuto"},"schema":{"@context":"https:\/\/schema.org","@graph":[{"@type":"WebPage","@id":"https:\/\/hib.cl\/Inicio\/nosotros\/","url":"https:\/\/hib.cl\/Inicio\/nosotros\/","name":"Nosotros - HIB","isPartOf":{"@id":"https:\/\/hib.cl\/Inicio\/#website"},"datePublished":"2023-04-18T15:32:00+00:00","dateModified":"2023-04-19T15:50:13+00:00","breadcrumb":{"@id":"https:\/\/hib.cl\/Inicio\/nosotros\/#breadcrumb"},"inLanguage":"es","potentialAction":[{"@type":"ReadAction","target":["https:\/\/hib.cl\/Inicio\/nosotros\/"]}]},{"@type":"BreadcrumbList","@id":"https:\/\/hib.cl\/Inicio\/nosotros\/#breadcrumb","itemListElement":[{"@type":"ListItem","position":1,"name":"Portada","item":"https:\/\/hib.cl\/Inicio\/"},{"@type":"ListItem","position":2,"name":"Nosotros"}]},{"@type":"WebSite","@id":"https:\/\/hib.cl\/Inicio\/#website","url":"https:\/\/hib.cl\/Inicio\/","name":"H.I.B. V\u00e1lvulas y Controles C\u00eda. SpA","description":"Ingenieria - Montajes y Servicios Generales","publisher":{"@id":"https:\/\/hib.cl\/Inicio\/#\/schema\/person\/c78029f613d473dcc58bbb5b55598dd4"},"potentialAction":[{"@type":"SearchAction","target":{"@type":"EntryPoint","urlTemplate":"https:\/\/hib.cl\/Inicio\/?s={search_term_string}"},"query-input":{"@type":"PropertyValueSpecification","valueRequired":true,"valueName":"search_term_string"}}],"inLanguage":"es"},{"@type":["Person","Organization"],"@id":"https:\/\/hib.cl\/Inicio\/#\/schema\/person\/c78029f613d473dcc58bbb5b55598dd4","name":"hibcl2","image":{"@type":"ImageObject","inLanguage":"es","@id":"https:\/\/hib.cl\/Inicio\/#\/schema\/person\/image\/","url":"https:\/\/hib.cl\/Inicio\/wp-content\/uploads\/2023\/04\/log3.png","contentUrl":"https:\/\/hib.cl\/Inicio\/wp-content\/uploads\/2023\/04\/log3.png","width":400,"height":230,"caption":"hibcl2"},"logo":{"@id":"https:\/\/hib.cl\/Inicio\/#\/schema\/person\/image\/"},"sameAs":["https:\/\/hib.cl\/Inicio"]}]}},"_links":{"self":[{"href":"https:\/\/hib.cl\/Inicio\/wp-json\/wp\/v2\/pages\/28","targetHints":{"allow":["GET"]}}],"collection":[{"href":"https:\/\/hib.cl\/Inicio\/wp-json\/wp\/v2\/pages"}],"about":[{"href":"https:\/\/hib.cl\/Inicio\/wp-json\/wp\/v2\/types\/page"}],"author":[{"embeddable":true,"href":"https:\/\/hib.cl\/Inicio\/wp-json\/wp\/v2\/users\/1"}],"replies":[{"embeddable":true,"href":"https:\/\/hib.cl\/Inicio\/wp-json\/wp\/v2\/comments?post=28"}],"version-history":[{"count":3,"href":"https:\/\/hib.cl\/Inicio\/wp-json\/wp\/v2\/pages\/28\/revisions"}],"predecessor-version":[{"id":31,"href":"https:\/\/hib.cl\/Inicio\/wp-json\/wp\/v2\/pages\/28\/revisions\/31"}],"wp:attachment":[{"href":"https:\/\/hib.cl\/Inicio\/wp-json\/wp\/v2\/media?parent=28"}],"curies":[{"name":"wp","href":"https:\/\/api.w.org\/{rel}","templated":true}]}}